= 29*k**2 + 221 - 34*k - 21*k**2 - 39 - 2*k + 9. What is the thousands digit of l(17)?
1
Let w = 157 - 205. What is the hundreds digit of (-264)/w*1/(2/640)?
7
Let y = -174 - -305. Let i = y + -57. What is the tens digit of i?
7
Let r(z) = -z**3 + 8*z**2 - 5*z. Let q be r(7). Suppose -d + q - 16 = 0. What is the units digit of 22*5/((-5)/d)?
4
Suppose -94 - 41 = 3*v. Let a = 48 + v. Suppose -184 = -3*f + 5*u, 68 = -a*f + 4*f - 3*u. What is the tens digit of f?
5
Suppose -1092 = -46*n + 4*n. Suppose -4*w = 2*s - 1634, 3*s - 22*w - 2457 = -n*w. What is the units digit of s?
3
Let k = 56 + -47. Suppose 8*w = -k*w + 7395. What is the hundreds digit of w?
4
Let s(b) = b**2 - 17*b + 33. Let y be s(2). What is the tens digit of 16/y*(-10)/(100/(-195))?
0
What is the units digit of -13315*(-9 + -9 + 174/10)?
9
What is the units digit of 7/5 + -2 + (-7856951)/(-985)?
6
Suppose -18*l + 3*l + 15 = 0. What is the hundreds digit of (l - 5) + 1 - -389?
3
Let d = -58894 - -96211. What is the thousands digit of d?
7
Suppose 1407*z - 1411*z - 5*n = -148068, -3*n + 185111 = 5*z. What is the ten thousands digit of z?
3
Let h = 62 - 57. Suppose -h*f - 54 = -j, 5*j + f - 296 = -0*j. Let a = j + -25. What is the tens digit of a?
3
Suppose d - q - 8409 = 0, 1230*q = 5*d + 1226*q - 42045. What is the units digit of d?
9
Suppose -24*g + 7 = 31. Let u(l) = 1775*l**2 + 5*l. What is the hundreds digit of u(g)?
7
Suppose 68*l = -12*l + 106800. What is the units digit of l?
5
Let q(u) = -u**3 + 14*u**2 - 2*u + 36. Let o be 39/3 + 5/5. Let x be q(o). Suppose -286 = -5*v - x*v. What is the tens digit of v?
2
Let r(k) = -4985*k - 1641. What is the units digit of r(-5)?
4
Let j(m) = 34*m**2 + 33*m + 131. Let h be j(-32). Suppose -12*n - 27*n = -h. What is the units digit of n?
9
Suppose y - 1025 = -4*a, -2*y = -5*a + 484 + 781. Let p = 105 + a. What is the tens digit of (5/(-3))/((-8)/p)?
7
Suppose -5*t = -t + u - 20, 2*t = -3*u + 20. Suppose -t*m = -2 - 14. Suppose -3*j = 5*a - 1 - 33, 2*j = -m*a + 22. What is the units digit of j?
3
Let s(i) = -5006*i - 1445. What is the thousands digit of s(-8)?
8
Suppose -60*j + 45589 = 25559 - 117130. What is the units digit of j?
6
Suppose 588*f = 584*f + 272. Suppose -s + 144 = -f. What is the hundreds digit of s?
2
Let s(q) = 2*q**2 + 31*q - 46. Let l be s(-17). Suppose l*c - 371 = -3*j, -j = 3*c - 6*j - 209. What is the tens digit of c?
7
Let f = -4077 - -8004. What is the hundreds digit of f?
9
Let a(j) = -4*j - 77. Let s be a(-21). Suppose s*i - 6791 + 2115 = 0. What is the hundreds digit of i?
6
Let v(c) = 5*c**2 - 5*c + 3. Let z be v(2). Let w(b) = -5*b - z*b**2 + 18*b**3 - 7*b**3 - 12*b**3 - 21. What is the units digit of w(-13)?
4
Suppose -4 = 3*s + s. Let h be (20 - -23)/(s/(-4)). Suppose 0 = 5*c + 20, 7*c - h = -o + 9*c. What is the tens digit of o?
6
Let j(p) = 7 - 29 - 44*p**3 + 113*p**3 + p + 26 + p**2. What is the tens digit of j(2)?
6
Let q(o) = -o**3 - 40*o**2 - 47*o - 312. Let v be q(-39). Suppose 462 = a + 2*b - 1331, v = b - 2. What is the units digit of a?
9
Let l be 6*(4 - 5) - -166. Let p = l + 376. What is the units digit of p?
6
Let r = -919 + 909. What is the units digit of (-5746 - r)/(-12)*(0 - -1)?
8
Let s = 30340 + -22393. What is the tens digit of s?
4
Suppose 0 = -5*m + t + 11016, -4*m + 8*m = -2*t + 8824. Suppose 5*f - 3*i - m = -0*i, 3 = -i. What is the units digit of f?
9
Let m(j) = -142*j + 1. Let h(f) = -f**2 - 14*f - 25. Let s be h(-12). What is the hundreds digit of m(s)?
1
Let m = -93 - -93. Suppose -5*o - j - 6 = 0, m*j = -o - 4*j + 14. What is the tens digit of (8 + -10)/(o/2) - -133?
3
Let g(y) = -122*y**2 + 5*y - 3. Let n be g(2). Let u = n - -766. What is the hundreds digit of u?
2
Let u be 2*3/(-18) + 30520/(-24). Let o = 2520 + u. What is the tens digit of o?
4
What is the units digit of (-18)/15 + (-1199872)/(-160)?
8
Suppose 106*v = 103*v. Let t(l) = l**3 - 2*l**2 + 1384. What is the tens digit of t(v)?
8
Suppose -4*n + 12 = 0, n - 135 + 42 = -f. Let j be 1610/20 + 1/(-2). Let i = f - j. What is the units digit of i?
0
Let x = 33 + -31. Let n be (x - 1) + (-4)/(8/42). Let u = 1 - n. What is the units digit of u?
1
Suppose 0*t - 4*t = -2*l - 122586, -5*t + 153238 = 3*l. What is the ten thousands digit of t?
3
Let b = -65 - -70. Suppose -5*s = -5*x - 5000, -3*s - x = -b*s + 2003. What is the thousands digit of s?
1
Let c = -5662 + 8697. What is the tens digit of c?
3
What is the hundreds digit of 626/(8300/(-1040) - -8)?
5
Let p(c) be the first derivative of 29*c**2 + 36*c + 57. What is the units digit of p(9)?
8
Let t = 9367 - 2743. What is the hundreds digit of t?
6
Let o = -75 + 79. Suppose -7*a + 2*a - o*f + 1683 = 0, 0 = a - 3*f - 329. Suppose -a = -4*x + 65. What is the tens digit of x?
0
Suppose 0 = -4*h + 3*y + 1908, -2*h + 0*y - 5*y = -980. Suppose -141*q - h = -137*q. Let d = 279 + q. What is the tens digit of d?
5
Let d be 4*(4/14 - 37260/(-1008)). Let x = -11 + 68. Let q = d - x. What is the units digit of q?
2
Suppose 277 = 3*m - 77. Suppose -m*h + 117*h = -24. Suppose 4 = 4*c - h. What is the units digit of c?
7
What is the units digit of 15 + 38139 - (21/(-28))/(1/(-12))?
5
What is the tens digit of 3412/6*(-363)/(-22)?
8
Let p(f) = -f**3 + 37*f**2 - 36*f + 4. Let l be p(36). What is the tens digit of (-1548)/(-1 + l)*(-15)/20?
8
Suppose 377*j - 2583096 = -924848 + 2173203. What is the hundreds digit of j?
1
What is the tens digit of 1038616/15 - ((-36)/(-150))/((-846)/(-235))?
4
What is the thousands digit of (-31595)/(-2) - ((-10)/((-80)/(-12)) - 1)?
5
Let s be (-1)/(2/51)*(-8)/6. Suppose -q + 49 = -2*a, -2*q - 24 = 2*a + s. Let k = a - -30. What is the units digit of k?
4
Let y = -7166 + 13511. What is the units digit of y?
5
Let y be (-18)/(-48)*8 + 0. Suppose -y*o = 0, 5*a + 8*o - 4*o - 8200 = 0. What is the hundreds digit of a?
6
Suppose -125*c + 121*c - 4*i = -135260, 0 = 5*c - i - 169027. What is the ten thousands digit of c?
3
Let w be (18/20*12)/(12/(-60)). Let y = -54 - w. What is the units digit of (y - (-252)/(-10))/(7/(-35))?
6
What is the tens digit of ((173/12)/(74/(-296)))/(3/(-117))?
4
Suppose 0 = 206*y - 189*y - 937040. What is the hundreds digit of y?
1
Let k(f) = 13*f**2 + f - 1. Let r(q) = -q + 24. Let l be r(14). Suppose -15 = 3*x, -11*c + x = -l*c - 3. What is the tens digit of k(c)?
4
Let y = 7197 + -5743. What is the tens digit of y?
5
Let b(u) = 12*u**2 - 16*u - 18. Suppose -9*v = -34*v - 150. What is the tens digit of b(v)?
1
Let o(f) = 191*f**2 + 64*f - 63. What is the hundreds digit of o(-5)?
3
Suppose 0 = t + 3. Let o be 2 - (69 - 0 - (-4 - t)). Let h = o - -129. What is the tens digit of h?
6
Let b be (-36)/(-234) - (-3792)/26. Suppose 2*s + 5*r = 294 + b, 4*s - 2*r - 928 = 0. What is the hundreds digit of s?
2
What is the units digit of (-196)/(-14) + 3457 - 9?
2
Let f = 145808 + -82609. What is the hundreds digit of f?
1
Let p(f) = -16*f - 43. Let a(q) = -q**2 - 17*q + 39. Let l be a(-24). Let s = 122 + l. What is the tens digit of p(s)?
6
Suppose -3*o = 4*u - 37741, -u - 10120 = -o + 2465. What is the hundreds digit of o?
5
Suppose 3*l - 2*f - 4492 = 1057, 5561 = 3*l - 5*f. What is the tens digit of l?
4
Suppose -448*p = 5*d - 444*p - 12864, 3*d = -2*p + 7720. What is the thousands digit of d?
2
Let f be -41 - -38 - 1*-2*8. Suppose f*n = 529 + 2318. What is the hundreds digit of n?
2
Suppose -9*g + 11*g - 4836 = -3*s, 4 = -2*s. Let y = g - 1290. What is the hundreds digit of y?
1
Suppose 616*n = -612*n + 1219*n + 62325. What is the thousands digit of n?
6
Suppose 4*n - 2*y - 10 = -n, -3*n - 5*y + 6 = 0. Suppose 4*f + 166 = -2*b, -n*b - f - 229 = b. Let k = 167 + b. What is the units digit of k?
2
Suppose 4*p = 4*i - 28, 4*i - 5*p + 1 = 24. Suppose -o + 3*g = i, 26 = -3*o + 5*g + 6. Suppose o = 6*a + 5*a - 1463. What is the tens digit of a?
3
What is the ten thousands digit of ((-561054)/273)/((-4)/28)?
1
Let d = -72 + -26. What is the hundreds digit of d*((-16)/(-32) - (0 - -3))?
2
Let j(b) = -b**2 - 8*b - 2. Let r be j(-5). Suppose 0*i + r*i = 104. Let a(c) = 2*c**2 + c + 10. What is the tens digit of a(i)?
4
Let f(r) = r**3 + 4*r**2 - 6*r - 7. Let w be f(-5). Let l(y) = 4*y**2 - y. Let u be l(w). What is the units digit of 3/(9/13)*u?
